{"id":121,"date":"2023-06-19T15:46:34","date_gmt":"2023-06-19T13:46:34","guid":{"rendered":"https:\/\/auto-nettoyage56.fr\/?page_id=121"},"modified":"2023-09-06T09:22:31","modified_gmt":"2023-09-06T07:22:31","slug":"politique-de-confidentialite-2","status":"publish","type":"page","link":"https:\/\/auto-nettoyage56.fr\/index.php\/politique-de-confidentialite-2\/","title":{"rendered":"Politique de Confidentialit\u00e9"},"content":{"rendered":"\t\t<div data-elementor-type=\"wp-page\" data-elementor-id=\"121\" class=\"elementor elementor-121\">\n\t\t\t\t\t\t\t<div class=\"elementor-element elementor-element-feab627 e-flex e-con-boxed e-con e-parent\" data-id=\"feab627\" data-element_type=\"container\" data-settings=\"{&quot;content_width&quot;:&quot;boxed&quot;}\" data-core-v316-plus=\"true\">\n\t\t\t\t\t<div class=\"e-con-inner\">\n\t\t\t\t<div class=\"elementor-element elementor-element-488a6cf elementor-widget elementor-widget-heading\" data-id=\"488a6cf\" data-element_type=\"widget\" data-widget_type=\"heading.default\">\n\t\t\t\t<div class=\"elementor-widget-container\">\n\t\t\t<style>\/*! elementor - v3.16.0 - 14-09-2023 *\/\n.elementor-heading-title{padding:0;margin:0;line-height:1}.elementor-widget-heading .elementor-heading-title[class*=elementor-size-]>a{color:inherit;font-size:inherit;line-height:inherit}.elementor-widget-heading .elementor-heading-title.elementor-size-small{font-size:15px}.elementor-widget-heading .elementor-heading-title.elementor-size-medium{font-size:19px}.elementor-widget-heading .elementor-heading-title.elementor-size-large{font-size:29px}.elementor-widget-heading .elementor-heading-title.elementor-size-xl{font-size:39px}.elementor-widget-heading .elementor-heading-title.elementor-size-xxl{font-size:59px}<\/style><h2 class=\"elementor-heading-title elementor-size-default\">Politique de Confidentialit\u00e9<\/h2>\t\t<\/div>\n\t\t\t\t<\/div>\n\t\t\t\t<div class=\"elementor-element elementor-element-8b6e165 elementor-widget elementor-widget-text-editor\" data-id=\"8b6e165\" data-element_type=\"widget\" data-widget_type=\"text-editor.default\">\n\t\t\t\t<div class=\"elementor-widget-container\">\n\t\t\t<style>\/*! elementor - v3.16.0 - 14-09-2023 *\/\n.elementor-widget-text-editor.elementor-drop-cap-view-stacked .elementor-drop-cap{background-color:#69727d;color:#fff}.elementor-widget-text-editor.elementor-drop-cap-view-framed .elementor-drop-cap{color:#69727d;border:3px solid;background-color:transparent}.elementor-widget-text-editor:not(.elementor-drop-cap-view-default) .elementor-drop-cap{margin-top:8px}.elementor-widget-text-editor:not(.elementor-drop-cap-view-default) .elementor-drop-cap-letter{width:1em;height:1em}.elementor-widget-text-editor .elementor-drop-cap{float:left;text-align:center;line-height:1;font-size:50px}.elementor-widget-text-editor .elementor-drop-cap-letter{display:inline-block}<\/style>\t\t\t\t<p>Le site Auto Nettoyage 56 utilise des cookies de prestataire ext\u00e9rieur pour am\u00e9liorer l&rsquo;exp\u00e9rience de visite des internautes. Ces donn\u00e9es collect\u00e9es sont utilis\u00e9s pour Google Analitycs 4.<\/p><p>L\u2019utilisation du Site peut donner lieu, sous r\u00e9serve de l\u2019acception du Client, \u00e0 l\u2019enregistrement de certaines informations relatives \u00e0 la navigation de son terminal dans des fichiers appel\u00e9s \u00ab Cookies \u00bb install\u00e9s sur son terminal (les \u00ab Cookies \u00bb).<\/p><p>Ils ont vocation \u00e0 fluidifier la navigation et connexion du Client, conserver ses pr\u00e9f\u00e9rences de mise en page, conserver ses identifiants pour acc\u00e9der plus rapidement aux espaces en ligne et pr\u00e9f\u00e9rences d\u2019affichage.<\/p><p>Des Cookies sont \u00e9galement d\u00e9pos\u00e9s, par le biais de service tels que Google Analytics, pour comptabiliser le nombre de visite, page vue et le parcours des utilisateurs. Cette collecte de donn\u00e9es est utile \u00e0 l\u2019optimisation de l\u2019ergonomie et l\u2019am\u00e9lioration fonctionnelle du Site.<\/p><p>Pour s\u2019opposer \u00e0 l\u2019usage des Cookies, le Client peut modifier les param\u00e8tres de son navigateur.<\/p><p>Les donn\u00e9es collect\u00e9es par les formulaires de contact et prise de rendez-vous sont utilis\u00e9 pour prendre contact et en aucun cas pour de la publicit\u00e9.<\/p><p>Le Client dispose d&rsquo;un droit l\u00e9gal de r\u00e9tractation.<\/p><p>Le Client peut avoir acc\u00e8s aux donn\u00e9es le concernant, les modifier ou modifier son agr\u00e9ment quant \u00e0 leur utilisation :<\/p><p>\u2013 en adressant un courrier \u00e9lectronique \u00e0 l\u2019adresse contact@auto-nettoyage56.fr<\/p><p>Le Client peut \u00e9galement, pour des motifs l\u00e9gitimes, s\u2019opposer au traitement des donn\u00e9es le concernant en \u00e9crivant \u00e0 l\u2019adresse ci-dessus.<\/p>\t\t\t\t\t\t<\/div>\n\t\t\t\t<\/div>\n\t\t\t\t\t<\/div>\n\t\t\t\t<\/div>\n\t\t\t\t\t\t\t<\/div>\n\t\t","protected":false},"excerpt":{"rendered":"<p>Politique de Confidentialit\u00e9 Le site Auto Nettoyage 56 utilise des cookies de prestataire ext\u00e9rieur pour am\u00e9liorer l&rsquo;exp\u00e9rience de visite des internautes. Ces donn\u00e9es collect\u00e9es sont utilis\u00e9s pour Google Analitycs 4. L\u2019utilisation du Site peut donner lieu, sous r\u00e9serve de l\u2019acception du Client, \u00e0 l\u2019enregistrement de certaines informations relatives \u00e0 la navigation de son terminal dans [&hellip;]<\/p>\n","protected":false},"author":1,"featured_media":0,"parent":0,"menu_order":0,"comment_status":"closed","ping_status":"closed","template":"","meta":{"ocean_post_layout":"","ocean_both_sidebars_style":"","ocean_both_sidebars_content_width":0,"ocean_both_sidebars_sidebars_width":0,"ocean_sidebar":"0","ocean_second_sidebar":"0","ocean_disable_margins":"enable","ocean_add_body_class":"","ocean_shortcode_before_top_bar":"","ocean_shortcode_after_top_bar":"","ocean_shortcode_before_header":"","ocean_shortcode_after_header":"","ocean_has_shortcode":"","ocean_shortcode_after_title":"","ocean_shortcode_before_footer_widgets":"","ocean_shortcode_after_footer_widgets":"","ocean_shortcode_before_footer_bottom":"","ocean_shortcode_after_footer_bottom":"","ocean_display_top_bar":"default","ocean_display_header":"default","ocean_header_style":"","ocean_center_header_left_menu":"0","ocean_custom_header_template":"0","ocean_custom_logo":0,"ocean_custom_retina_logo":0,"ocean_custom_logo_max_width":0,"ocean_custom_logo_tablet_max_width":0,"ocean_custom_logo_mobile_max_width":0,"ocean_custom_logo_max_height":0,"ocean_custom_logo_tablet_max_height":0,"ocean_custom_logo_mobile_max_height":0,"ocean_header_custom_menu":"0","ocean_menu_typo_font_family":"0","ocean_menu_typo_font_subset":"","ocean_menu_typo_font_size":0,"ocean_menu_typo_font_size_tablet":0,"ocean_menu_typo_font_size_mobile":0,"ocean_menu_typo_font_size_unit":"px","ocean_menu_typo_font_weight":"","ocean_menu_typo_font_weight_tablet":"","ocean_menu_typo_font_weight_mobile":"","ocean_menu_typo_transform":"","ocean_menu_typo_transform_tablet":"","ocean_menu_typo_transform_mobile":"","ocean_menu_typo_line_height":0,"ocean_menu_typo_line_height_tablet":0,"ocean_menu_typo_line_height_mobile":0,"ocean_menu_typo_line_height_unit":"","ocean_menu_typo_spacing":0,"ocean_menu_typo_spacing_tablet":0,"ocean_menu_typo_spacing_mobile":0,"ocean_menu_typo_spacing_unit":"","ocean_menu_link_color":"","ocean_menu_link_color_hover":"","ocean_menu_link_color_active":"","ocean_menu_link_background":"","ocean_menu_link_hover_background":"","ocean_menu_link_active_background":"","ocean_menu_social_links_bg":"","ocean_menu_social_hover_links_bg":"","ocean_menu_social_links_color":"","ocean_menu_social_hover_links_color":"","ocean_disable_title":"on","ocean_disable_heading":"default","ocean_post_title":"","ocean_post_subheading":"","ocean_post_title_style":"","ocean_post_title_background_color":"","ocean_post_title_background":0,"ocean_post_title_bg_image_position":"","ocean_post_title_bg_image_attachment":"","ocean_post_title_bg_image_repeat":"","ocean_post_title_bg_image_size":"","ocean_post_title_height":0,"ocean_post_title_bg_overlay":0.5,"ocean_post_title_bg_overlay_color":"","ocean_disable_breadcrumbs":"off","ocean_breadcrumbs_color":"","ocean_breadcrumbs_separator_color":"","ocean_breadcrumbs_links_color":"","ocean_breadcrumbs_links_hover_color":"","ocean_display_footer_widgets":"default","ocean_display_footer_bottom":"default","ocean_custom_footer_template":"0","footnotes":""},"yoast_head":"<!-- This site is optimized with the Yoast SEO plugin v21.2 - https:\/\/yoast.com\/wordpress\/plugins\/seo\/ -->\n<title>Politique de Confidentialit\u00e9 - Auto Nettoyage 56<\/title>\n<meta name=\"robots\" content=\"index, follow, max-snippet:-1, max-image-preview:large, max-video-preview:-1\" \/>\n<link rel=\"canonical\" href=\"https:\/\/auto-nettoyage56.fr\/index.php\/politique-de-confidentialite-2\/\" \/>\n<meta property=\"og:locale\" content=\"fr_FR\" \/>\n<meta property=\"og:type\" content=\"article\" \/>\n<meta property=\"og:title\" content=\"Politique de Confidentialit\u00e9 - Auto Nettoyage 56\" \/>\n<meta property=\"og:description\" content=\"Politique de Confidentialit\u00e9 Le site Auto Nettoyage 56 utilise des cookies de prestataire ext\u00e9rieur pour am\u00e9liorer l&rsquo;exp\u00e9rience de visite des internautes. Ces donn\u00e9es collect\u00e9es sont utilis\u00e9s pour Google Analitycs 4. L\u2019utilisation du Site peut donner lieu, sous r\u00e9serve de l\u2019acception du Client, \u00e0 l\u2019enregistrement de certaines informations relatives \u00e0 la navigation de son terminal dans [&hellip;]\" \/>\n<meta property=\"og:url\" content=\"https:\/\/auto-nettoyage56.fr\/index.php\/politique-de-confidentialite-2\/\" \/>\n<meta property=\"og:site_name\" content=\"Auto Nettoyage 56\" \/>\n<meta property=\"article:modified_time\" content=\"2023-09-06T07:22:31+00:00\" \/>\n<meta name=\"twitter:card\" content=\"summary_large_image\" \/>\n<meta name=\"twitter:label1\" content=\"Dur\u00e9e de lecture estim\u00e9e\" \/>\n\t<meta name=\"twitter:data1\" content=\"2 minutes\" \/>\n<script type=\"application\/ld+json\" class=\"yoast-schema-graph\">{\"@context\":\"https:\/\/schema.org\",\"@graph\":[{\"@type\":\"WebPage\",\"@id\":\"https:\/\/auto-nettoyage56.fr\/index.php\/politique-de-confidentialite-2\/\",\"url\":\"https:\/\/auto-nettoyage56.fr\/index.php\/politique-de-confidentialite-2\/\",\"name\":\"Politique de Confidentialit\u00e9 - Auto Nettoyage 56\",\"isPartOf\":{\"@id\":\"https:\/\/auto-nettoyage56.fr\/#website\"},\"datePublished\":\"2023-06-19T13:46:34+00:00\",\"dateModified\":\"2023-09-06T07:22:31+00:00\",\"breadcrumb\":{\"@id\":\"https:\/\/auto-nettoyage56.fr\/index.php\/politique-de-confidentialite-2\/#breadcrumb\"},\"inLanguage\":\"fr-FR\",\"potentialAction\":[{\"@type\":\"ReadAction\",\"target\":[\"https:\/\/auto-nettoyage56.fr\/index.php\/politique-de-confidentialite-2\/\"]}]},{\"@type\":\"BreadcrumbList\",\"@id\":\"https:\/\/auto-nettoyage56.fr\/index.php\/politique-de-confidentialite-2\/#breadcrumb\",\"itemListElement\":[{\"@type\":\"ListItem\",\"position\":1,\"name\":\"Accueil\",\"item\":\"https:\/\/auto-nettoyage56.fr\/\"},{\"@type\":\"ListItem\",\"position\":2,\"name\":\"Politique de Confidentialit\u00e9\"}]},{\"@type\":\"WebSite\",\"@id\":\"https:\/\/auto-nettoyage56.fr\/#website\",\"url\":\"https:\/\/auto-nettoyage56.fr\/\",\"name\":\"Auto Nettoyage 56\",\"description\":\"Nettoyage Auto | Detailing | Pr\u00e9paration esth\u00e9tique\",\"publisher\":{\"@id\":\"https:\/\/auto-nettoyage56.fr\/#organization\"},\"potentialAction\":[{\"@type\":\"SearchAction\",\"target\":{\"@type\":\"EntryPoint\",\"urlTemplate\":\"https:\/\/auto-nettoyage56.fr\/?s={search_term_string}\"},\"query-input\":\"required name=search_term_string\"}],\"inLanguage\":\"fr-FR\"},{\"@type\":\"Organization\",\"@id\":\"https:\/\/auto-nettoyage56.fr\/#organization\",\"name\":\"Auto Nettoyage 56\",\"url\":\"https:\/\/auto-nettoyage56.fr\/\",\"logo\":{\"@type\":\"ImageObject\",\"inLanguage\":\"fr-FR\",\"@id\":\"https:\/\/auto-nettoyage56.fr\/#\/schema\/logo\/image\/\",\"url\":\"https:\/\/auto-nettoyage56.fr\/wp-content\/uploads\/2025\/02\/cropped-cropped-Logo-Autonettoyage-56-blanc-e1739797704924-1.png\",\"contentUrl\":\"https:\/\/auto-nettoyage56.fr\/wp-content\/uploads\/2025\/02\/cropped-cropped-Logo-Autonettoyage-56-blanc-e1739797704924-1.png\",\"width\":350,\"height\":150,\"caption\":\"Auto Nettoyage 56\"},\"image\":{\"@id\":\"https:\/\/auto-nettoyage56.fr\/#\/schema\/logo\/image\/\"},\"sameAs\":[\"https:\/\/www.instagram.com\/auto_nettoyage56\/\"]}]}<\/script>\n<!-- \/ Yoast SEO plugin. -->","yoast_head_json":{"title":"Politique de Confidentialit\u00e9 - Auto Nettoyage 56","robots":{"index":"index","follow":"follow","max-snippet":"max-snippet:-1","max-image-preview":"max-image-preview:large","max-video-preview":"max-video-preview:-1"},"canonical":"https:\/\/auto-nettoyage56.fr\/index.php\/politique-de-confidentialite-2\/","og_locale":"fr_FR","og_type":"article","og_title":"Politique de Confidentialit\u00e9 - Auto Nettoyage 56","og_description":"Politique de Confidentialit\u00e9 Le site Auto Nettoyage 56 utilise des cookies de prestataire ext\u00e9rieur pour am\u00e9liorer l&rsquo;exp\u00e9rience de visite des internautes. Ces donn\u00e9es collect\u00e9es sont utilis\u00e9s pour Google Analitycs 4. L\u2019utilisation du Site peut donner lieu, sous r\u00e9serve de l\u2019acception du Client, \u00e0 l\u2019enregistrement de certaines informations relatives \u00e0 la navigation de son terminal dans [&hellip;]","og_url":"https:\/\/auto-nettoyage56.fr\/index.php\/politique-de-confidentialite-2\/","og_site_name":"Auto Nettoyage 56","article_modified_time":"2023-09-06T07:22:31+00:00","twitter_card":"summary_large_image","twitter_misc":{"Dur\u00e9e de lecture estim\u00e9e":"2 minutes"},"schema":{"@context":"https:\/\/schema.org","@graph":[{"@type":"WebPage","@id":"https:\/\/auto-nettoyage56.fr\/index.php\/politique-de-confidentialite-2\/","url":"https:\/\/auto-nettoyage56.fr\/index.php\/politique-de-confidentialite-2\/","name":"Politique de Confidentialit\u00e9 - Auto Nettoyage 56","isPartOf":{"@id":"https:\/\/auto-nettoyage56.fr\/#website"},"datePublished":"2023-06-19T13:46:34+00:00","dateModified":"2023-09-06T07:22:31+00:00","breadcrumb":{"@id":"https:\/\/auto-nettoyage56.fr\/index.php\/politique-de-confidentialite-2\/#breadcrumb"},"inLanguage":"fr-FR","potentialAction":[{"@type":"ReadAction","target":["https:\/\/auto-nettoyage56.fr\/index.php\/politique-de-confidentialite-2\/"]}]},{"@type":"BreadcrumbList","@id":"https:\/\/auto-nettoyage56.fr\/index.php\/politique-de-confidentialite-2\/#breadcrumb","itemListElement":[{"@type":"ListItem","position":1,"name":"Accueil","item":"https:\/\/auto-nettoyage56.fr\/"},{"@type":"ListItem","position":2,"name":"Politique de Confidentialit\u00e9"}]},{"@type":"WebSite","@id":"https:\/\/auto-nettoyage56.fr\/#website","url":"https:\/\/auto-nettoyage56.fr\/","name":"Auto Nettoyage 56","description":"Nettoyage Auto | Detailing | Pr\u00e9paration esth\u00e9tique","publisher":{"@id":"https:\/\/auto-nettoyage56.fr\/#organization"},"potentialAction":[{"@type":"SearchAction","target":{"@type":"EntryPoint","urlTemplate":"https:\/\/auto-nettoyage56.fr\/?s={search_term_string}"},"query-input":"required name=search_term_string"}],"inLanguage":"fr-FR"},{"@type":"Organization","@id":"https:\/\/auto-nettoyage56.fr\/#organization","name":"Auto Nettoyage 56","url":"https:\/\/auto-nettoyage56.fr\/","logo":{"@type":"ImageObject","inLanguage":"fr-FR","@id":"https:\/\/auto-nettoyage56.fr\/#\/schema\/logo\/image\/","url":"https:\/\/auto-nettoyage56.fr\/wp-content\/uploads\/2025\/02\/cropped-cropped-Logo-Autonettoyage-56-blanc-e1739797704924-1.png","contentUrl":"https:\/\/auto-nettoyage56.fr\/wp-content\/uploads\/2025\/02\/cropped-cropped-Logo-Autonettoyage-56-blanc-e1739797704924-1.png","width":350,"height":150,"caption":"Auto Nettoyage 56"},"image":{"@id":"https:\/\/auto-nettoyage56.fr\/#\/schema\/logo\/image\/"},"sameAs":["https:\/\/www.instagram.com\/auto_nettoyage56\/"]}]}},"_links":{"self":[{"href":"https:\/\/auto-nettoyage56.fr\/index.php\/wp-json\/wp\/v2\/pages\/121"}],"collection":[{"href":"https:\/\/auto-nettoyage56.fr\/index.php\/wp-json\/wp\/v2\/pages"}],"about":[{"href":"https:\/\/auto-nettoyage56.fr\/index.php\/wp-json\/wp\/v2\/types\/page"}],"author":[{"embeddable":true,"href":"https:\/\/auto-nettoyage56.fr\/index.php\/wp-json\/wp\/v2\/users\/1"}],"replies":[{"embeddable":true,"href":"https:\/\/auto-nettoyage56.fr\/index.php\/wp-json\/wp\/v2\/comments?post=121"}],"version-history":[{"count":5,"href":"https:\/\/auto-nettoyage56.fr\/index.php\/wp-json\/wp\/v2\/pages\/121\/revisions"}],"predecessor-version":[{"id":569,"href":"https:\/\/auto-nettoyage56.fr\/index.php\/wp-json\/wp\/v2\/pages\/121\/revisions\/569"}],"wp:attachment":[{"href":"https:\/\/auto-nettoyage56.fr\/index.php\/wp-json\/wp\/v2\/media?parent=121"}],"curies":[{"name":"wp","href":"https:\/\/api.w.org\/{rel}","templated":true}]}}